{"id":39,"date":"2017-08-03T04:47:34","date_gmt":"2017-08-03T04:47:34","guid":{"rendered":"http:\/\/demo.wphash.com\/spase\/?page_id=39"},"modified":"2022-01-25T10:39:19","modified_gmt":"2022-01-25T09:39:19","slug":"home-5","status":"publish","type":"page","link":"https:\/\/sasainkubator.com\/arhiv\/","title":{"rendered":"Domov"},"content":{"rendered":"<p><section data-kc-fullwidth=\"content\" class=\"kc-elm kc-css-758134 kc_row\"><div class=\"kc-row-container\"><div class=\"kc-wrap-columns\"><div class=\"kc-elm kc-css-700939 kc_col-sm-12 kc_column kc_col-sm-12\"><div class=\"kc-col-container\"><div class=\"kc-elm kc-css-129691 kc-raw-code\">\r\n<\/div><div class=\"kc-elm kc-css-603886 kc_row kc_row_inner\"><div class=\"kc-elm kc-css-252957 kc_col-sm-6 kc_column_inner kc_col-sm-6\"><div class=\"kc_wrapper kc-col-inner-container\"><div class=\"kc-elm kc-css-926102 kc_shortcode kc_single_image\">\n\n        <a  href=\"https:\/\/scale-sme.moodlecloud.com\/login\/index.php\" title=\"\" target=\"_blank\">\n        <img src=\"https:\/\/sasainkubator.com\/arhiv\/wp-content\/uploads\/2022\/08\/Banner_ScaleSME_v01.jpg\" class=\"\" alt=\"\" \/>    <\/a>\n    <\/div>\n<\/div><\/div><div class=\"kc-elm kc-css-20804 kc_col-sm-6 kc_column_inner kc_col-sm-6\"><div class=\"kc_wrapper kc-col-inner-container\"><div class=\"kc-elm kc-css-66033 kc-animated kc-animate-eff-fadeIn kc_shortcode kc_single_image\">\n\n        <img src=\"https:\/\/sasainkubator.com\/arhiv\/wp-content\/uploads\/2021\/03\/LOGOTIPI-2.jpg\" class=\"\" alt=\"\" \/>    <\/div>\n<\/div><\/div><\/div><\/div><\/div><\/div><\/div><\/section><section class=\"kc-elm kc-css-366334 kc_row\"><div class=\"kc-row-container  kc-container\"><div class=\"kc-wrap-columns\"><div class=\"kc-elm kc-css-734137 kc_col-sm-12 kc_column kc_col-sm-12\"><div class=\"kc-col-container\"><div class=\"kc-elm kc-css-29985\" style=\"height: 71px; clear: both; width:100%;\"><\/div><div class=\"kc-elm kc-css-54639 kc_text_block\"><\/p>\n<h2 style=\"text-align: center;\"><strong>FINALE STARTUP GENERATOR 2022<\/strong><\/h2>\n<p style=\"text-align: center;\">16.6.2022, Velenjski Grad<\/p>\n<p>\n<\/div><div class=\"kc-elm kc-css-450578 kc-raw-code\"><iframe width=\"800\" height=\"451\" src=\"https:\/\/www.youtube.com\/embed\/Ka0A50GpwR4?autoplay=1\" title=\"YouTube video player\" frameborder=\"0\" allow=\"accelerometer; autoplay; clipboard-write; encrypted-media; gyroscope; picture-in-picture\" allowfullscreen><\/iframe><\/div><\/div><\/div><\/div><\/div><\/section><section class=\"kc-elm kc-css-473049 kc_row\"><div class=\"kc-row-container  kc-container\"><div class=\"kc-wrap-columns\"><div class=\"kc-elm kc-css-88405 kc_col-sm-12 kc_column kc_col-sm-12\"><div class=\"kc-col-container\"><div class=\"kc-elm kc-css-91483\" style=\"height: 71px; clear: both; width:100%;\"><\/div>\n<div class=\"kc-elm kc-css-431162 kc-title-wrap \">\n\n\t<h1 class=\"kc_title\">#WeRaiseStartups<\/h1>\n<\/div>\n<div class=\"kc-elm kc-css-620024\" style=\"height: 36px; clear: both; width:100%;\"><\/div><\/div><\/div><\/div><\/div><\/section><section class=\"kc-elm kc-css-690382 kc_row\"><div class=\"kc-row-container  kc-container  cowork-area\"><div class=\"kc-wrap-columns\"><div class=\"kc-elm kc-css-201906 kc_col-sm-6 kc_column kc_col-sm-6\"><div class=\"kc-col-container\"><div class=\"kc-elm kc-css-608515 kc_text_block\"><\/p>\n<p>SA\u0160A inkubator smo ljudje. Smo sti\u010di\u0161\u010de mladih podjetni\u0161kih talentov, freelancerjev,\u00a0 startupov, hitro rasto\u010dih podjetij, managerjev in korporacij. Skupaj tvorimo startup skupnost SA\u0160A regije, ki je vedno odprta za ambiciozne posameznike, ekipe ali podjetja, ki \u017eelijo nekaj ve\u010d. Poleg brezpla\u010dnih svetovanj, mentorskih programov, delavnic in startup ve\u010derov z uspe\u0161nimi podjetniki, smo razvili svoj koncept treh klju\u010dnih stebrov SA\u0160A inkubatorja.<\/p>\n<p>\n<\/div>\n<div class=\"kc-elm kc-css-275071\">\n\t<a class=\"kc_button\" href=\"https:\/\/sasainkubator.si\/o-nas\/\" target=\"_self\" title=\"\" onclick=\"\">\n\t\tVe\u010d\t<\/a>\n<\/div>\n<\/div><\/div><div class=\"kc-elm kc-css-130091 kc_col-sm-6 kc_column kc_col-sm-6\"><div class=\"kc-col-container\"><div class=\"kc-elm kc-css-135746 kc_row kc_row_inner\"><div class=\"kc-elm kc-css-331289 kc_col-sm-12 kc_column_inner kc_col-sm-12\"><div class=\"kc_wrapper kc-col-inner-container\"><div class=\"kc-elm kc-css-543298 kc_shortcode kc_single_image\">\n\n        <a rel=\"prettyPhoto\" class=\"kc-pretty-photo\" href=\"https:\/\/sasainkubator.com\/arhiv\/wp-content\/uploads\/2021\/06\/DSC_9093-55.jpg\" title=\"\" target=\"\">\n        <img src=\"https:\/\/sasainkubator.com\/arhiv\/wp-content\/uploads\/2021\/06\/DSC_9093-55.jpg\" class=\"\" alt=\"\" \/>    <\/a>\n    <\/div>\n<\/div><\/div><\/div><\/div><\/div><\/div><\/div><\/section><section data-kc-fullwidth=\"content\" class=\"kc-elm kc-css-167357 kc_row banifet-class\"><div class=\"kc-row-container\"><div class=\"kc-wrap-columns\"><div class=\"kc-elm kc-css-945303 kc_col-sm-12 kc_column kc_col-sm-12\"><div class=\"kc-col-container\"><\/div><\/div><\/div><\/div><\/section><section class=\"kc-elm kc-css-566894 kc_row\"><div class=\"kc-row-container  kc-container\"><div class=\"kc-wrap-columns\"><div class=\"kc-elm kc-css-664002 kc_col-sm-12 kc_column kc_col-sm-12\"><div class=\"kc-col-container\"><div class=\"kc-elm kc-css-89175 kc_tabs group kc-tabs-slider\"><div class=\"owl-carousel\" data-owl-options='{\"items\":2,\"speed\":450,\"navigation\":\"\",\"pagination\":\"\",\"autoheight\":\"\",\"autoplay\":\"\",\"tablet\":1,\"mobile\":1}'><div id=\"new-tab\" class=\"kc-elm kc-css-820366 kc_tab ui-tabs-panel kc_ui-tabs-hide kc_clearfix \"><div class=\"kc_tab_content\">\r\n           \t<div class=\"kc-elm kc-css-274598  indicator-style\">\r\r\n\t\t\t\t<div class=\"testimonial-area\">\r\r\n\t\t\t\t\t\r\n\t\t\t\t\t\r\r\n\t\t\t\t\t\t\t\r\r\n\t\t\t\t\t\t\t<div class=\"single-testimonial\">\r\r\n                                <div class=\"client-info\">\r\r\n                                    <div class=\"client-img\">\r\r\n                                        <img src=\"https:\/\/sasainkubator.com\/arhiv\/wp-content\/uploads\/2019\/07\/eva-\u0161traser-1.jpg\" alt=\"Eva \u0160traser\" \/>\r\n                                    <\/div>\r\r\n\t\t\t\t\t\t\t\t\t\r\n                                    <div class=\"client-title\">\r\r\n                                        <h4>Eva \u0160traser<\/h4>\r\r\n\t\t\t\t\t\t\t\t\t\t\r\r\n\t\t\t\t\t\t\t\t\t\t\r\n                                        <h5>Evegreen<\/h5>\r\r\n\t\t\t\t\t\t\t\t\t\t\r\n                                    <\/div>\r\r\n\t\t\t\t\t\t\t\t\t\r\n                                <\/div>\r\r\n                                <div class=\"client-content\">\r\r\n\t\t\t\t\t\t\t\t\t\r\n\t\t\t\t\t\t\t\t\t  <p>Super ekipa in najbolj\u0161o podporno okolje za vsakega z zagonskim podjetjem<\/p>\r\r\n\t\t\t\t\t\t\t\t\t\r\n                                <\/div>\r\r\n                            <\/div>\r\r\n\t\t\t\t\t\t\t\t\t\r\r\n\t\t\t\t<\/div>\r\r\n\t\t\t\t\r\r\n\t\t\t\t\r\r\n\t\t\t\t\r\r\n\t\t\t\t\r\r\n\t\t\t<\/div>\r\r\n\t        <\/div><\/div><div id=\"new-tab\" class=\"kc-elm kc-css-835434 kc_tab ui-tabs-panel kc_ui-tabs-hide kc_clearfix \"><div class=\"kc_tab_content\">\r\n           \t<div class=\"kc-elm kc-css-90012  indicator-style\">\r\r\n\t\t\t\t<div class=\"testimonial-area\">\r\r\n\t\t\t\t\t\r\n\t\t\t\t\t\r\r\n\t\t\t\t\t\t\t\r\r\n\t\t\t\t\t\t\t<div class=\"single-testimonial\">\r\r\n                                <div class=\"client-info\">\r\r\n                                    <div class=\"client-img\">\r\r\n                                        <img src=\"https:\/\/sasainkubator.com\/arhiv\/wp-content\/uploads\/2019\/07\/David-Mernik.jpg\" alt=\"David Mernik\" \/>\r\n                                    <\/div>\r\r\n\t\t\t\t\t\t\t\t\t\r\n                                    <div class=\"client-title\">\r\r\n                                        <h4>David Mernik<\/h4>\r\r\n\t\t\t\t\t\t\t\t\t\t\r\r\n\t\t\t\t\t\t\t\t\t\t\r\n                                        <h5>DataGRAD<\/h5>\r\r\n\t\t\t\t\t\t\t\t\t\t\r\n                                    <\/div>\r\r\n\t\t\t\t\t\t\t\t\t\r\n                                <\/div>\r\r\n                                <div class=\"client-content\">\r\r\n\t\t\t\t\t\t\t\t\t\r\n\t\t\t\t\t\t\t\t\t  <p>Z ekipo smo se udele\u017eili programa Podjetni\u0161ki trampolin 2019 in bili dele\u017eni top programov najbol\u0161ih mentorjev<\/p>\r\r\n\t\t\t\t\t\t\t\t\t\r\n                                <\/div>\r\r\n                            <\/div>\r\r\n\t\t\t\t\t\t\t\t\t\r\r\n\t\t\t\t<\/div>\r\r\n\t\t\t\t\r\r\n\t\t\t\t\r\r\n\t\t\t\t\r\r\n\t\t\t\t\r\r\n\t\t\t<\/div>\r\r\n\t        <\/div><\/div><div id=\"new-kc_tab\" class=\"kc-elm kc-css-572271 kc_tab ui-tabs-panel kc_ui-tabs-hide kc_clearfix \"><div class=\"kc_tab_content\">\r\n           \t<div class=\"kc-elm kc-css-927668  indicator-style\">\r\r\n\t\t\t\t<div class=\"testimonial-area\">\r\r\n\t\t\t\t\t\r\n\t\t\t\t\t\r\r\n\t\t\t\t\t\t\t\r\r\n\t\t\t\t\t\t\t<div class=\"single-testimonial\">\r\r\n                                <div class=\"client-info\">\r\r\n                                    <div class=\"client-img\">\r\r\n                                        <img src=\"https:\/\/sasainkubator.com\/arhiv\/wp-content\/uploads\/2017\/08\/test2.jpg\" alt=\"Mamun jhon\" \/>\r\n                                    <\/div>\r\r\n\t\t\t\t\t\t\t\t\t\r\n                                    <div class=\"client-title\">\r\r\n                                        <h4>Mamun jhon<\/h4>\r\r\n\t\t\t\t\t\t\t\t\t\t\r\r\n\t\t\t\t\t\t\t\t\t\t\r\n                                        <h5>Devitems<\/h5>\r\r\n\t\t\t\t\t\t\t\t\t\t\r\n                                    <\/div>\r\r\n\t\t\t\t\t\t\t\t\t\r\n                                <\/div>\r\r\n                                <div class=\"client-content\">\r\r\n\t\t\t\t\t\t\t\t\t\r\n\t\t\t\t\t\t\t\t\t  <p>Lorem ipsum dolor sit amet consectetur adipisicing elit se do eiusmod tempor incididunt ut labore et dolore magna aliqua Ut enim ad minim veniam, <\/p>\r\r\n\t\t\t\t\t\t\t\t\t\r\n                                <\/div>\r\r\n                            <\/div>\r\r\n\t\t\t\t\t\t\t\t\t\r\r\n\t\t\t\t<\/div>\r\r\n\t\t\t\t\r\r\n\t\t\t\t\r\r\n\t\t\t\t\r\r\n\t\t\t\t\r\r\n\t\t\t<\/div>\r\r\n\t        <\/div><\/div><\/div><\/div><\/div><\/div><\/div><\/div><\/section><section class=\"kc-elm kc-css-636572 kc_row\"><div class=\"kc-row-container  kc-container  team-area\"><div class=\"kc-wrap-columns\"><div class=\"kc-elm kc-css-242597 kc_col-sm-12 kc_column kc_col-sm-12\"><div class=\"kc-col-container\">\n<div class=\"kc-elm kc-css-205366 kc-title-wrap \">\n\n\t<h2 class=\"kc_title\">Ekipa SA\u0160A inkubatorja<\/h2>\n<\/div>\n<div class=\"kc-elm kc-css-443098\" style=\"height: 20px; clear: both; width:100%;\"><\/div><div class=\"kc-elm kc-css-831671\" style=\"height: 20px; clear: both; width:100%;\"><\/div><div class=\"kc-elm kc-css-141521 kc_row kc_row_inner\"><div class=\"kc-elm kc-css-740684 kc_col-sm-3 kc_column_inner kc_col-sm-3\"><div class=\"kc_wrapper kc-col-inner-container\">\n<div class=\"kc-elm kc-css-671764 kc-team kc-team-3\">\n\n\t<figure class=\"content-image\"><img src=\"https:\/\/sasainkubator.com\/arhiv\/wp-content\/uploads\/2021\/03\/DSC09640-scaled-e1616058291750-960x1272xc.jpg\" alt=\"\"><\/figure><div class=\"overlay\"><div class=\"content-title\">Ana An\u017eej<\/div><div class=\"content-subtitle\">Direktorica<\/div><div class=\"content-desc\">Podjetni\u0161ko svetovanje, digitalni in vsebinski marketing<\/div><div class=\"content-socials\"><a href=\"https:\/\/www.linkedin.com\/in\/ana-an%C5%BEej-165312a4\/\" target=\"_blank\"><i class=\"fab-linkedin-in\"><\/i><\/a><a href=\"mailto:ana.anzej@sasainkubator.si\" target=\"_blank\"><i class=\"fa-envelope\"><\/i><\/a><\/div><\/div>\n<\/div>\n<\/div><\/div><div class=\"kc-elm kc-css-591851 kc_col-sm-3 kc_column_inner kc_col-sm-3\"><div class=\"kc_wrapper kc-col-inner-container\">\n<div class=\"kc-elm kc-css-421126 kc-team kc-team-3\">\n\n\t<figure class=\"content-image\"><img src=\"https:\/\/sasainkubator.com\/arhiv\/wp-content\/uploads\/2021\/03\/DSC09408-scaled-960x1272xc.jpg\" alt=\"\"><\/figure><div class=\"overlay\"><div class=\"content-title\">Jan Skok<\/div><div class=\"content-subtitle\">Strokovni sodelavec<\/div><div class=\"content-desc\">Podjetni\u0161ko svetovanje, poslovni na\u010drti, projekti<\/div><div class=\"content-socials\"><a href=\"mailto:jan.skok@sasainkubator.si\" target=\"_blank\"><i class=\"fa-envelope\"><\/i><\/a><\/div><\/div>\n<\/div>\n<\/div><\/div><div class=\"kc-elm kc-css-451179 kc_col-sm-3 kc_column_inner kc_col-sm-3\"><div class=\"kc_wrapper kc-col-inner-container\">\n<div class=\"kc-elm kc-css-330885 kc-team kc-team-3\">\n\n\t<figure class=\"content-image\"><img src=\"https:\/\/sasainkubator.com\/arhiv\/wp-content\/uploads\/2021\/03\/DSC00335-scaled-960x1272xc.jpg\" alt=\"\"><\/figure><div class=\"overlay\"><div class=\"content-title\">Sara Mari\u0107<\/div><div class=\"content-subtitle\">Strokovna sodelavka<\/div><div class=\"content-desc\">Tajni\u0161tvo direktorice, administracija, prostori<\/div><div class=\"content-socials\"><a href=\"mailto:sara.maric@sasainkubator.si\" target=\"_blank\"><i class=\"fa-envelope\"><\/i><\/a><\/div><\/div>\n<\/div>\n<\/div><\/div><div class=\"kc-elm kc-css-697121 kc_col-sm-3 kc_column_inner kc_col-sm-3\"><div class=\"kc_wrapper kc-col-inner-container\">\n<div class=\"kc-elm kc-css-348493 kc-team kc-team-3\">\n\n\t<figure class=\"content-image\"><img src=\"https:\/\/sasainkubator.com\/arhiv\/wp-content\/uploads\/2021\/03\/DSC00524-scaled-960x1272xc.jpg\" alt=\"\"><\/figure><div class=\"overlay\"><div class=\"content-title\">Tanja \u017devart Bo\u010dek<\/div><div class=\"content-subtitle\">Vodja financ in projektov<\/div><div class=\"content-desc\">Dr\u017eavna notranja revizorka, vodja financ in projektov<\/div><div class=\"content-socials\"><a href=\"mailto:tanja.zevart-bocek@sasainkubator.si\" target=\"_blank\"><i class=\"fa-envelope\"><\/i><\/a><\/div><\/div>\n<\/div>\n<\/div><\/div><\/div><div class=\"kc-elm kc-css-136867\" style=\"height: 20px; clear: both; width:100%;\"><\/div><\/div><\/div><\/div><\/div><\/section><section class=\"kc-elm kc-css-479234 kc_row\"><div class=\"kc-row-container  kc-container\"><div class=\"kc-wrap-columns\"><div class=\"kc-elm kc-css-668381 kc_col-sm-12 kc_column kc_col-sm-12\"><div class=\"kc-col-container\">\n<div class=\"kc-elm kc-css-227222 kc-blog-posts kc-blog-posts-4 owl-carousel kc-image-align-both\" data-owl-options='{\"autoplay\": \"yes\", \"pagination\": \"yes\", \"items\": \"3\", \"tablet\":3, \"mobile\":1}'>\n\t\n\t\t\n\t\t\t\t<div class=\"item\">\n\t\t\t\t\t<div class=\"kc-list-item-4\">\n\t\t\t\t\t\t<div class=\"kc-post-header\">\n\t\t\t\t\t\t\t\t\t\t\t\t\t\t\t<a href=\"https:\/\/sasainkubator.com\/arhiv\/2020\/03\/02\/podjetniski-trampolin-2020\/\">\n\t\t\t\t\t\t\t\t\t<img src=\"https:\/\/sasainkubator.com\/arhiv\/wp-content\/uploads\/2019\/08\/Trampolin2019-01.jpg\" alt=\"Podjetni\u0161ki Trampolin 2020\">\n\t\t\t\t\t\t\t\t<\/a>\n\t\t\t\t\t\t\t\t\t\t\t\t\t\t<div class=\"meta-title\">\n\t\t\t\t\t\t\t\t\n\t\t\t\t\t\t\t\t<h2 class=\"post-title-alt\">\n\t\t\t\t\t\t\t\t\t<a href=\"https:\/\/sasainkubator.com\/arhiv\/2020\/03\/02\/podjetniski-trampolin-2020\/\" class=\"post-title-link\"\n\t\t\t\t\t\t\t\t\t   title=\"Podjetni\u0161ki Trampolin 2020\">Podjetni\u0161ki Trampolin 2020<\/a>\n\t\t\t\t\t\t\t\t<\/h2>\n\t\t\t\t\t\t\t<\/div>\n\t\t\t\t\t\t<\/div>\n\t\t\t\t\t<\/div>\n\t\t\t\t<\/div>\n\t\t\n\t\t\t\t<div class=\"item\">\n\t\t\t\t\t<div class=\"kc-list-item-4\">\n\t\t\t\t\t\t<div class=\"kc-post-header\">\n\t\t\t\t\t\t\t\t\t\t\t\t\t\t\t<a href=\"https:\/\/sasainkubator.com\/arhiv\/2019\/08\/06\/future-4-0\/\">\n\t\t\t\t\t\t\t\t\t<img src=\"https:\/\/sasainkubator.com\/arhiv\/wp-content\/uploads\/2019\/08\/Future4.0-01.jpg\" alt=\"FUTURE 4.0\">\n\t\t\t\t\t\t\t\t<\/a>\n\t\t\t\t\t\t\t\t\t\t\t\t\t\t<div class=\"meta-title\">\n\t\t\t\t\t\t\t\t\n\t\t\t\t\t\t\t\t<h2 class=\"post-title-alt\">\n\t\t\t\t\t\t\t\t\t<a href=\"https:\/\/sasainkubator.com\/arhiv\/2019\/08\/06\/future-4-0\/\" class=\"post-title-link\"\n\t\t\t\t\t\t\t\t\t   title=\"FUTURE 4.0\">FUTURE 4.0<\/a>\n\t\t\t\t\t\t\t\t<\/h2>\n\t\t\t\t\t\t\t<\/div>\n\t\t\t\t\t\t<\/div>\n\t\t\t\t\t<\/div>\n\t\t\t\t<\/div>\n\t\t\n\t\t\t\t<div class=\"item\">\n\t\t\t\t\t<div class=\"kc-list-item-4\">\n\t\t\t\t\t\t<div class=\"kc-post-header\">\n\t\t\t\t\t\t\t\t\t\t\t\t\t\t\t<a href=\"https:\/\/sasainkubator.com\/arhiv\/2019\/07\/28\/startup-soncni-park\/\">\n\t\t\t\t\t\t\t\t\t<img src=\"https:\/\/sasainkubator.com\/arhiv\/wp-content\/uploads\/2019\/07\/Soncnipark2-17-01.jpg\" alt=\"Startup vikend\">\n\t\t\t\t\t\t\t\t<\/a>\n\t\t\t\t\t\t\t\t\t\t\t\t\t\t<div class=\"meta-title\">\n\t\t\t\t\t\t\t\t\n\t\t\t\t\t\t\t\t<h2 class=\"post-title-alt\">\n\t\t\t\t\t\t\t\t\t<a href=\"https:\/\/sasainkubator.com\/arhiv\/2019\/07\/28\/startup-soncni-park\/\" class=\"post-title-link\"\n\t\t\t\t\t\t\t\t\t   title=\"Startup vikend\">Startup vikend<\/a>\n\t\t\t\t\t\t\t\t<\/h2>\n\t\t\t\t\t\t\t<\/div>\n\t\t\t\t\t\t<\/div>\n\t\t\t\t\t<\/div>\n\t\t\t\t<\/div>\n\t\t\n\t\n<\/div>\n<\/div><\/div><\/div><\/div><\/section><section class=\"kc-elm kc-css-771993 kc_row\"><div class=\"kc-row-container  kc-container\"><div class=\"kc-wrap-columns\"><div class=\"kc-elm kc-css-947774 kc_col-sm-12 kc_column kc_col-sm-12\"><div class=\"kc-col-container\">\n<div class=\"kc-elm kc-css-988184 kc-title-wrap \">\n\n\t<h2 class=\"kc_title\">Na\u0161i programi<\/h2>\n<\/div>\n<div class=\"kc-elm kc-css-759587 kc_row kc_row_inner\"><div class=\"kc-elm kc-css-482793 kc_col-sm-3 kc_column_inner kc_col-sm-3\"><div class=\"kc_wrapper kc-col-inner-container\">\n<div class=\"kc-elm kc-css-831850 kc-image-hover-effects kc-img-effects-3 default\">\n\n\t<a href=\"https:\/\/sasainkubator.si\/trampolin\/\"><img src=\"https:\/\/sasainkubator.com\/arhiv\/wp-content\/uploads\/2019\/08\/Trampolin2019-01-1170x700xct.jpg\" alt=\"\"\/><\/a><a href=\"https:\/\/sasainkubator.si\/trampolin\/\"><div class=\"overlay-effects\"><div class=\"overlay-content\"><div class=\"content-title\">Podjetni\u0161ki trampolin<\/div><\/div><\/div><\/a>\n<\/div><\/div><\/div><div class=\"kc-elm kc-css-344692 kc_col-sm-3 kc_column_inner kc_col-sm-3\"><div class=\"kc_wrapper kc-col-inner-container\">\n<div class=\"kc-elm kc-css-141591 kc-image-hover-effects kc-img-effects-3 default programi\">\n\n\t<a href=\"https:\/\/sasainkubator.si\/future\/\"><img src=\"https:\/\/sasainkubator.com\/arhiv\/wp-content\/uploads\/2019\/08\/Future4.0-01-1170x700xct.jpg\" alt=\"\"\/><\/a><a href=\"https:\/\/sasainkubator.si\/future\/\"><div class=\"overlay-effects\"><div class=\"overlay-content\"><div class=\"content-title\">Future 4.0<\/div><\/div><\/div><\/a>\n<\/div><\/div><\/div><div class=\"kc-elm kc-css-185245 kc_col-sm-3 kc_column_inner kc_col-sm-3\"><div class=\"kc_wrapper kc-col-inner-container\">\n<div class=\"kc-elm kc-css-22932 kc-image-hover-effects kc-img-effects-3 default\">\n\n\t<a href=\"https:\/\/sasainkubator.si\/startup-vikend\/\"><img src=\"https:\/\/sasainkubator.com\/arhiv\/wp-content\/uploads\/2019\/07\/Soncnipark2-17-01-1170x700xct.jpg\" alt=\"\"\/><\/a><a href=\"https:\/\/sasainkubator.si\/startup-vikend\/\"><div class=\"overlay-effects\"><div class=\"overlay-content\"><div class=\"content-title\">Startup vikend<\/div><\/div><\/div><\/a>\n<\/div><\/div><\/div><div class=\"kc-elm kc-css-1676 kc_col-sm-3 kc_column_inner kc_col-sm-3\"><div class=\"kc_wrapper kc-col-inner-container\">\n<div class=\"kc-elm kc-css-447997 kc-image-hover-effects kc-img-effects-3 default programi\">\n\n\t<a href=\"https:\/\/sasainkubator.si\/hackathon\/\"><img src=\"https:\/\/sasainkubator.com\/arhiv\/wp-content\/uploads\/2020\/07\/hackathon-prikazna-1170x700xct.jpg\" alt=\"\"\/><\/a><a href=\"https:\/\/sasainkubator.si\/hackathon\/\"><div class=\"overlay-effects\"><div class=\"overlay-content\"><div class=\"content-title\">Hackathon<\/div><\/div><\/div><\/a>\n<\/div><\/div><\/div><\/div><div class=\"kc-elm kc-css-696376\" style=\"height: 53px; clear: both; width:100%;\"><\/div><div class=\"kc-elm kc-css-800173 kc-raw-code\"><div class=\"prijava-container\">\r\n<a class=\"prijava\" href=\"javascript:;\"onclick=\"ml_account\r\n('webforms', '2195410', 'b5f9v2', 'show')\">\r\nPRIJAVI SE NA E-NOVICE\r\n<\/a>\r\n<\/div><\/div><div class=\"kc-elm kc-css-993429\" style=\"height: 130px; clear: both; width:100%;\"><\/div><\/div><\/div><\/div><\/div><\/section><section class=\"kc-elm kc-css-852329 kc_row\"><div class=\"kc-row-container  kc-container\"><div class=\"kc-wrap-columns\"><div class=\"kc-elm kc-css-729315 kc_col-sm-12 kc_column kc_col-sm-12\"><div class=\"kc-col-container\"><div class=\"kc-elm kc-css-467823 kc-raw-code\"><script>\r\n    var ml_webform_2167268 = ml_account('webforms', '2167268', 'v8i3w7', 'load');\r\n    ml_webform_2167268('animation', 'fadeIn');\r\n<\/script><\/div><\/div><\/div><\/div><\/div><\/section><\/p>\n","protected":false},"excerpt":{"rendered":"","protected":false},"author":1,"featured_media":0,"parent":0,"menu_order":0,"comment_status":"closed","ping_status":"closed","template":"","meta":{"qubely_global_settings":"","qubely_interactions":"","neve_meta_sidebar":"","neve_meta_container":"","neve_meta_enable_content_width":"off","neve_meta_content_width":100,"neve_meta_title_alignment":"","neve_meta_author_avatar":"","neve_post_elements_order":"","neve_meta_disable_header":"","neve_meta_disable_footer":"","neve_meta_disable_title":"","_price":"","_stock":"","_tribe_ticket_header":"","_tribe_default_ticket_provider":"","_tribe_ticket_capacity":"0","_ticket_start_date":"","_ticket_end_date":"","_tribe_ticket_show_description":"","_tribe_ticket_show_not_going":false,"_tribe_ticket_use_global_stock":"","_tribe_ticket_global_stock_level":"","_global_stock_mode":"","_global_stock_cap":"","_tribe_rsvp_for_event":"","_tribe_ticket_going_count":"","_tribe_ticket_not_going_count":"","_tribe_tickets_list":[],"_tribe_ticket_has_attendee_info_fields":false,"_EventAllDay":false,"_EventTimezone":"","_EventStartDate":"","_EventEndDate":"","_EventStartDateUTC":"","_EventEndDateUTC":"","_EventShowMap":false,"_EventShowMapLink":false,"_EventURL":"","_EventCost":"","_EventCostDescription":"","_EventCurrencySymbol":"","_EventCurrencyCode":"","_EventCurrencyPosition":"","_EventDateTimeSeparator":"","_EventTimeRangeSeparator":"","_EventOrganizerID":[],"_EventVenueID":0,"_OrganizerEmail":"","_OrganizerPhone":"","_OrganizerWebsite":"","_VenueAddress":"","_VenueCity":"","_VenueCountry":"","_VenueProvince":"","_VenueZip":"","_VenuePhone":"","_VenueURL":"","_VenueStateProvince":"","_VenueLat":"","_VenueLng":"","_themeisle_gutenberg_block_has_review":false},"_links":{"self":[{"href":"https:\/\/sasainkubator.com\/arhiv\/wp-json\/wp\/v2\/pages\/39"}],"collection":[{"href":"https:\/\/sasainkubator.com\/arhiv\/wp-json\/wp\/v2\/pages"}],"about":[{"href":"https:\/\/sasainkubator.com\/arhiv\/wp-json\/wp\/v2\/types\/page"}],"author":[{"embeddable":true,"href":"https:\/\/sasainkubator.com\/arhiv\/wp-json\/wp\/v2\/users\/1"}],"replies":[{"embeddable":true,"href":"https:\/\/sasainkubator.com\/arhiv\/wp-json\/wp\/v2\/comments?post=39"}],"version-history":[{"count":758,"href":"https:\/\/sasainkubator.com\/arhiv\/wp-json\/wp\/v2\/pages\/39\/revisions"}],"predecessor-version":[{"id":6682,"href":"https:\/\/sasainkubator.com\/arhiv\/wp-json\/wp\/v2\/pages\/39\/revisions\/6682"}],"wp:attachment":[{"href":"https:\/\/sasainkubator.com\/arhiv\/wp-json\/wp\/v2\/media?parent=39"}],"curies":[{"name":"wp","href":"https:\/\/api.w.org\/{rel}","templated":true}]}}